3 and 7384.
923
What is the greatest common divisor of 3 and 46491?
3
What is the highest common divisor of 25 and 89035?
5
What is the greatest common factor of 120 and 18294?
6
What is the highest common factor of 52 and 228540?
52
Calculate the highest common factor of 122123 and 73022.
1259
Calculate the highest common divisor of 19392 and 4343.
101
What is the greatest common factor of 126 and 13050?
18
What is the greatest common factor of 4407 and 72?
3
Calculate the greatest common factor of 369 and 85497.
3
What is the greatest common divisor of 2533772 and 92?
92
What is the highest common divisor of 7245 and 567?
63
What is the greatest common factor of 11536 and 3472?
112
What is the greatest common factor of 661635 and 1044?
261
Calculate the highest common divisor of 2084437 and 1761.
587
Calculate the greatest common divisor of 7 and 115927.
7
What is the greatest common factor of 12 and 1489398?
6
Calculate the highest common factor of 24581 and 71651.
523
Calculate the highest common divisor of 13245 and 605.
5
What is the highest common divisor of 580 and 41412?
116
What is the greatest common factor of 7920843 and 21?
21
Calculate the highest common divisor of 4964 and 296599.
1241
Calculate the greatest common factor of 261468 and 36.
36
What is the greatest common factor of 209922 and 48498?
354
What is the highest common divisor of 693 and 180081?
99
Calculate the highest common divisor of 19838 and 2093.
91
What is the greatest common divisor of 2525659 and 157?
157
Calculate the highest common divisor of 24 and 8725428.
12
What is the greatest common factor of 455 and 1015?
35
What is the greatest common factor of 1945518 and 282?
282
What is the highest common divisor of 4050 and 32238?
162
What is the highest common divisor of 114 and 114051?
3
What is the greatest common divisor of 86268 and 12?
12
What is the greatest common divisor of 130 and 810914?
26
What is the highest common factor of 27 and 528030?
9
What is the greatest common divisor of 1385601 and 42?
21
What is the highest common factor of 13440 and 4378752?
2688
What is the greatest common factor of 56264 and 767?
13
Calculate the highest common factor of 1290 and 105.
15
Calculate the greatest common divisor of 826 and 14986.
118
What is the highest common factor of 4905 and 1644810?
1635
Calculate the highest common factor of 8 and 314560.
8
What is the highest common factor of 5705271 and 1521?
1521
Calculate the greatest common divisor of 70856 and 51.
17
What is the highest common divisor of 10153 and 355?
71
Calculate the greatest common factor of 12036 and 5100.
204
Calculate the greatest common divisor of 326627 and 63.
7
What is the greatest common divisor of 187239 and 39?
39
What is the highest common factor of 138 and 230?
46
Calculate the greatest common divisor of 27445 and 110.
55
What is the highest common factor of 17 and 726767?
17
What is the highest common factor of 13734 and 105?
21
Calculate the greatest common divisor of 3170 and 120.
10
Calculate the highest common divisor of 212 and 3686468.
212
Calculate the greatest common divisor of 56739 and 2.
1
What is the greatest common factor of 14421 and 2451?
57
What is the highest common divisor of 26 and 1363063?
13
Calculate the greatest common divisor of 27 and 7461.
9
Calculate the highest common factor of 71 and 14507.
1
What is the greatest common divisor of 5699 and 2224?
139
What is the highest common factor of 3049933 and 309?
103
Calculate the highest common factor of 3970 and 435.
5
Calculate the highest common factor of 201330 and 720.
90
Calculate the greatest common factor of 12 and 40389.
3
What is the greatest common divisor of 549 and 14518?
61
What is the greatest common divisor of 486 and 4950?
18
Calculate the greatest common divisor of 838 and 18.
2
Calculate the highest common divisor of 2667 and 273.
21
What is the greatest common divisor of 111 and 59237?
37
Calculate the highest common divisor of 92703 and 546.
39
What is the greatest common factor of 625 and 135250?
125
Calculate the greatest common divisor of 71 and 66101.
71
Calculate the highest common divisor of 476 and 770882.
238
What is the highest common divisor of 4234308 and 312?
156
Calculate the highest common divisor of 500 and 4122125.
125
Calculate the greatest common divisor of 16 and 3184.
16
Calculate the highest common factor of 133896 and 2100.
84
What is the highest common divisor of 5096 and 1663844?
2548
What is the greatest common divisor of 31 and 1794311?
31
Calculate the highest common divisor of 379442 and 882.
14
Calculate the greatest common divisor of 14272 and 21631.
223
Calculate the highest common divisor of 15999 and 3.
3
What is the greatest common factor of 3692 and 31408?
52
What is the highest common divisor of 3442368 and 160?
32
What is the greatest common divisor of 119385 and 945?
315
What is the highest common divisor of 32 and 601376?
32
Calculate the greatest common factor of 234549 and 63.
63
Calculate the greatest common factor of 10114 and 78.
26
What is the highest common factor of 744685 and 1020?
85
Calculate the greatest common divisor of 336 and 6244.
28
Calculate the greatest common factor of 147706 and 169.
169
What is the highest common divisor of 170586 and 1620?
162
Calculate the highest common divisor of 63 and 19134.
9
What is the greatest common divisor of 67395 and 855?
15
Calculate the greatest common divisor of 60 and 8976.
12
What is the greatest common factor of 776 and 13?
1
Calculate the greatest common divisor of 696 and 5178.
6
Calculate the greatest common divisor of 1086 and 126.
6
Calculate the highest common factor of 135972 and 378.
54
Calculate the greatest common factor of 11 and 2395800.
11
Calculate the highest common factor of 1342 and 50264.
122
Calculate the greatest common factor of 351 and 4482.
27
What is the highest common divisor of 52164 and 546756?
1932
Calculate the greatest common factor of 3380 and 270.
10
Calculate the greatest common factor of 6701 and 3.
1
What is the greatest common divisor of 135 and 20547?
27
What is the highest common divisor of 2178712 and 8?
8
What is the greatest common divisor of 27258 and 48498?
354
What is the greatest common factor of 165 and 2505?
15
Calculate the highest common divisor of 441 and 36407.
49
Calculate the greatest common factor of 151 and 1999391.
151
Calculate the greatest common factor of 7 and 125944.
7
Calculate the greatest common divisor of 85414 and 70.
14
Calculate the greatest common divisor of 423 and 3699981.
423
What is the highest common divisor of 199845 and 135?
45
Calculate the greatest common factor of 315918 and 270.
18
Calculate the greatest common factor of 9953 and 518.
37
What is the highest common divisor of 1280 and 840?
40
What is the greatest common factor of 5888 and 320?
64
What is the greatest common factor of 160559 and 7?
7
What is the greatest common divisor of 43 and 237747?
43
Calculate the greatest common divisor of 610 and 1516155.
305
What is the greatest common divisor of 776 and 104954?
194
What is the greatest common factor of 149814 and 6?
6
Calculate the greatest common factor of 63764 and 4484.
76
Calculate the highest common divisor of 17920 and 182.
14
What is the greatest common divisor of 59677 and 38107?
719
What is the greatest common divisor of 259371 and 1071?
63
Calculate the greatest common divisor of 10 and 779400.
10
Calculate the greatest common factor of 5511 and 132.
33
What is the greatest common factor of 44 and 73271?
11
What is the greatest common divisor of 45 and 18293265?
45
Calculate the highest common factor of 198 and 3744.
18
What is the highest common factor of 16695 and 140805?
315
Calculate the highest common divisor of 220190 and 110.
10
Calculate the greatest common factor of 18 and 185769.
9
Calculate the highest common divisor of 846 and 116466.
282
What is the highest common factor of 3846834 and 12?
6
Calculate the greatest common factor of 602 and 8134.
14
Calculate the highest common factor of 46495 and 1094.
547
What is the highest common divisor of 13286 and 154?
14
What is the greatest common divisor of 1269 and 27?
27
What is the greatest common divisor of 1844 and 105569?
461
What i